{"id":7549,"date":"2026-03-30T14:25:07","date_gmt":"2026-03-30T12:25:07","guid":{"rendered":"https:\/\/domicilservices.fr\/blog\/?page_id=7549"},"modified":"2026-03-30T14:25:07","modified_gmt":"2026-03-30T12:25:07","slug":"a-propos","status":"publish","type":"page","link":"https:\/\/domicilservices.fr\/blog\/a-propos\/","title":{"rendered":"\u00c0 propos"},"content":{"rendered":"<p><span style=\"font-weight: 400;\">Domicil Services est votre guide complet pour trouver et utiliser les meilleurs services \u00e0 domicile, m\u00e9nage, aide aux personnes \u00e2g\u00e9es, garde d&rsquo;enfants, jardinage, bricolage, massage, coiffure, toilettage animalier et bien-\u00eatre \u00e0 domicile. Nous vous aidons \u00e0 choisir des prestataires de confiance, \u00e0 comprendre vos droits et \u00e0 optimiser votre utilisation du CESU. Notre \u00e9quipe rassemble des professionnels des services \u00e0 domicile, des conseillers en emploi de particulier-employeur et des experts en droits des consommateurs dans ce secteur.<\/span><\/p>\n","protected":false},"excerpt":{"rendered":"","protected":false},"author":34,"featured_media":0,"parent":0,"menu_order":0,"comment_status":"closed","ping_status":"closed","template":"","meta":{"_acf_changed":false,"manual_indexmenow":false,"indexmenow_id_project":0,"footnotes":""},"class_list":["post-7549","page","type-page","status-publish"],"acf":[],"yoast_head":"<!-- This site is optimized with the Yoast SEO Premium plugin v21.3 (Yoast SEO v25.6) - https:\/\/yoast.com\/wordpress\/plugins\/seo\/ -->\n<title>\u00c0 propos<\/title>\n<meta name=\"description\" content=\"Domicil Services est votre guide complet pour trouver et utiliser les meilleurs services \u00e0 domicile, m\u00e9nage, aide aux personnes \u00e2g\u00e9es, garde d&#039;enfants,\" \/>\n<meta name=\"robots\" content=\"index, follow, max-snippet:-1, max-image-preview:large, max-video-preview:-1\" \/>\n<link rel=\"canonical\" href=\"https:\/\/domicilservices.fr\/blog\/a-propos\/\" \/>\n<meta property=\"og:locale\" content=\"fr_FR\" \/>\n<meta property=\"og:type\" content=\"article\" \/>\n<meta property=\"og:title\" content=\"\u00c0 propos\" \/>\n<meta property=\"og:description\" content=\"Domicil Services est votre guide complet pour trouver et utiliser les meilleurs services \u00e0 domicile, m\u00e9nage, aide aux personnes \u00e2g\u00e9es, garde d&#039;enfants,\" \/>\n<meta property=\"og:url\" content=\"https:\/\/domicilservices.fr\/blog\/a-propos\/\" \/>\n<meta property=\"og:site_name\" content=\"domicilservices\" \/>\n<meta name=\"twitter:card\" content=\"summary_large_image\" \/>\n<script type=\"application\/ld+json\" class=\"yoast-schema-graph\">{\"@context\":\"https:\/\/schema.org\",\"@graph\":[{\"@type\":\"WebPage\",\"@id\":\"https:\/\/domicilservices.fr\/blog\/a-propos\/\",\"url\":\"https:\/\/domicilservices.fr\/blog\/a-propos\/\",\"name\":\"\u00c0 propos\",\"isPartOf\":{\"@id\":\"https:\/\/domicilservices.fr\/blog\/#website\"},\"datePublished\":\"2026-03-30T12:25:07+00:00\",\"description\":\"Domicil Services est votre guide complet pour trouver et utiliser les meilleurs services \u00e0 domicile, m\u00e9nage, aide aux personnes \u00e2g\u00e9es, garde d'enfants,\",\"inLanguage\":\"fr-FR\",\"potentialAction\":[{\"@type\":\"ReadAction\",\"target\":[\"https:\/\/domicilservices.fr\/blog\/a-propos\/\"]}]},{\"@type\":\"WebSite\",\"@id\":\"https:\/\/domicilservices.fr\/blog\/#website\",\"url\":\"https:\/\/domicilservices.fr\/blog\/\",\"name\":\"domicilservices.Fr\",\"description\":\"Domicil Services, votre adresse de confiance\",\"publisher\":{\"@id\":\"https:\/\/domicilservices.fr\/blog\/#organization\"},\"alternateName\":\"Domicil Services, votre adresse de confiance\",\"potentialAction\":[{\"@type\":\"SearchAction\",\"target\":{\"@type\":\"EntryPoint\",\"urlTemplate\":\"https:\/\/domicilservices.fr\/blog\/?s={search_term_string}\"},\"query-input\":{\"@type\":\"PropertyValueSpecification\",\"valueRequired\":true,\"valueName\":\"search_term_string\"}}],\"inLanguage\":\"fr-FR\"},{\"@type\":\"Organization\",\"@id\":\"https:\/\/domicilservices.fr\/blog\/#organization\",\"name\":\"Foretsensations.fr\",\"url\":\"https:\/\/domicilservices.fr\/blog\/\",\"logo\":{\"@type\":\"ImageObject\",\"inLanguage\":\"fr-FR\",\"@id\":\"https:\/\/domicilservices.fr\/blog\/#\/schema\/logo\/image\/\",\"url\":\"https:\/\/domicilservices.fr\/blog\/wp-content\/uploads\/2024\/12\/domicil-services.png\",\"contentUrl\":\"https:\/\/domicilservices.fr\/blog\/wp-content\/uploads\/2024\/12\/domicil-services.png\",\"width\":500,\"height\":500,\"caption\":\"Foretsensations.fr\"},\"image\":{\"@id\":\"https:\/\/domicilservices.fr\/blog\/#\/schema\/logo\/image\/\"}}]}<\/script>\n<!-- \/ Yoast SEO Premium plugin. -->","yoast_head_json":{"title":"\u00c0 propos","description":"Domicil Services est votre guide complet pour trouver et utiliser les meilleurs services \u00e0 domicile, m\u00e9nage, aide aux personnes \u00e2g\u00e9es, garde d'enfants,","robots":{"index":"index","follow":"follow","max-snippet":"max-snippet:-1","max-image-preview":"max-image-preview:large","max-video-preview":"max-video-preview:-1"},"canonical":"https:\/\/domicilservices.fr\/blog\/a-propos\/","og_locale":"fr_FR","og_type":"article","og_title":"\u00c0 propos","og_description":"Domicil Services est votre guide complet pour trouver et utiliser les meilleurs services \u00e0 domicile, m\u00e9nage, aide aux personnes \u00e2g\u00e9es, garde d'enfants,","og_url":"https:\/\/domicilservices.fr\/blog\/a-propos\/","og_site_name":"domicilservices","twitter_card":"summary_large_image","schema":{"@context":"https:\/\/schema.org","@graph":[{"@type":"WebPage","@id":"https:\/\/domicilservices.fr\/blog\/a-propos\/","url":"https:\/\/domicilservices.fr\/blog\/a-propos\/","name":"\u00c0 propos","isPartOf":{"@id":"https:\/\/domicilservices.fr\/blog\/#website"},"datePublished":"2026-03-30T12:25:07+00:00","description":"Domicil Services est votre guide complet pour trouver et utiliser les meilleurs services \u00e0 domicile, m\u00e9nage, aide aux personnes \u00e2g\u00e9es, garde d'enfants,","inLanguage":"fr-FR","potentialAction":[{"@type":"ReadAction","target":["https:\/\/domicilservices.fr\/blog\/a-propos\/"]}]},{"@type":"WebSite","@id":"https:\/\/domicilservices.fr\/blog\/#website","url":"https:\/\/domicilservices.fr\/blog\/","name":"domicilservices.Fr","description":"Domicil Services, votre adresse de confiance","publisher":{"@id":"https:\/\/domicilservices.fr\/blog\/#organization"},"alternateName":"Domicil Services, votre adresse de confiance","potentialAction":[{"@type":"SearchAction","target":{"@type":"EntryPoint","urlTemplate":"https:\/\/domicilservices.fr\/blog\/?s={search_term_string}"},"query-input":{"@type":"PropertyValueSpecification","valueRequired":true,"valueName":"search_term_string"}}],"inLanguage":"fr-FR"},{"@type":"Organization","@id":"https:\/\/domicilservices.fr\/blog\/#organization","name":"Foretsensations.fr","url":"https:\/\/domicilservices.fr\/blog\/","logo":{"@type":"ImageObject","inLanguage":"fr-FR","@id":"https:\/\/domicilservices.fr\/blog\/#\/schema\/logo\/image\/","url":"https:\/\/domicilservices.fr\/blog\/wp-content\/uploads\/2024\/12\/domicil-services.png","contentUrl":"https:\/\/domicilservices.fr\/blog\/wp-content\/uploads\/2024\/12\/domicil-services.png","width":500,"height":500,"caption":"Foretsensations.fr"},"image":{"@id":"https:\/\/domicilservices.fr\/blog\/#\/schema\/logo\/image\/"}}]}},"_links":{"self":[{"href":"https:\/\/domicilservices.fr\/blog\/wp-json\/wp\/v2\/pages\/7549","targetHints":{"allow":["GET"]}}],"collection":[{"href":"https:\/\/domicilservices.fr\/blog\/wp-json\/wp\/v2\/pages"}],"about":[{"href":"https:\/\/domicilservices.fr\/blog\/wp-json\/wp\/v2\/types\/page"}],"author":[{"embeddable":true,"href":"https:\/\/domicilservices.fr\/blog\/wp-json\/wp\/v2\/users\/34"}],"replies":[{"embeddable":true,"href":"https:\/\/domicilservices.fr\/blog\/wp-json\/wp\/v2\/comments?post=7549"}],"version-history":[{"count":1,"href":"https:\/\/domicilservices.fr\/blog\/wp-json\/wp\/v2\/pages\/7549\/revisions"}],"predecessor-version":[{"id":7551,"href":"https:\/\/domicilservices.fr\/blog\/wp-json\/wp\/v2\/pages\/7549\/revisions\/7551"}],"wp:attachment":[{"href":"https:\/\/domicilservices.fr\/blog\/wp-json\/wp\/v2\/media?parent=7549"}],"curies":[{"name":"wp","href":"https:\/\/api.w.org\/{rel}","templated":true}]}}